{"id":97,"date":"2024-04-12T08:12:38","date_gmt":"2024-04-12T08:12:38","guid":{"rendered":"https:\/\/uniqnet.hu\/new\/?page_id=97"},"modified":"2024-04-15T11:56:30","modified_gmt":"2024-04-15T11:56:30","slug":"weblap-keszites","status":"publish","type":"page","link":"https:\/\/uniqnet.hu\/new\/weblap-keszites\/","title":{"rendered":"Weblapk\u00e9sz\u00edt\u00e9s"},"content":{"rendered":"<h1><span style=\"color: #800000; font-family: tahoma, arial, helvetica, sans-serif;\"><em><strong>WEBLAPK\u00c9SZ\u00cdT\u00c9S<\/strong><\/em><\/span><\/h1>\n<p><span style=\"font-family: tahoma, arial, helvetica, sans-serif; font-size: 14pt; color: #000000;\">Az\u00e1ltal, hogy elk\u00e9sz\u00fcl weboldala, m\u00e9g nem garant\u00e1lt, hogy az interneten meg is tal\u00e1lj\u00e1k. Weboldal\u00e1t \u00fagy k\u00e9sz\u00edtj\u00fck el, hogy a fontos kulcsszavakat be\u00e1ll\u00edtjuk weboldal\u00e1ba. Keres\u0151kbe, linkgy\u0171jtem\u00e9nyekbe beregisztr\u00e1ljuk, hogy min\u00e9l t\u00f6bb l\u00e1togat\u00f3t szerezz\u00fcnk \u00d6nnek. Minden weboldal elk\u00e9sz\u00edt\u00e9se el\u0151tt felm\u00e9rj\u00fck ig\u00e9nyeit \u00e9s az elk\u00e9sz\u00edt\u00e9s k\u00f6lts\u00e9geit, ennek megfelel\u0151en dolgozzuk ki a r\u00e9szleteket.<\/span><\/p>\n<h4 class=\"szoveg\" align=\"left\"><span style=\"font-family: tahoma, arial, helvetica, sans-serif; color: #800000;\"><strong>Bemutatkoz\u00f3 weboldal k\u00e9sz\u00edt\u00e9s<\/strong><\/span><\/h4>\n<p><span style=\"font-family: tahoma, arial, helvetica, sans-serif; color: #000000; font-size: 12pt;\">&#8222;Bemutatkoz\u00f3 weboldal&#8221; kisv\u00e1llalkoz\u00e1sok \u00e9s mag\u00e1nszem\u00e9lyek r\u00e9sz\u00e9re<img loading=\"lazy\" decoding=\"async\" class=\"alignright wp-image-8\" src=\"https:\/\/uniqnet.hu\/new\/wp-content\/uploads\/2024\/04\/website-300x174.png\" alt=\"\" width=\"266\" height=\"154\" srcset=\"https:\/\/uniqnet.hu\/new\/wp-content\/uploads\/2024\/04\/website-300x174.png 300w, https:\/\/uniqnet.hu\/new\/wp-content\/uploads\/2024\/04\/website.png 640w\" sizes=\"auto, (max-width: 266px) 100vw, 266px\" \/><\/span><\/p>\n<p class=\"szoveg\" align=\"left\"><span style=\"font-family: tahoma, arial, helvetica, sans-serif; color: #000000;\"><em><span style=\"color: #0000ff;\"><strong>Akinek aj\u00e1nljuk:<\/strong><\/span><br \/>\n<span style=\"font-size: 12pt;\">&#8211; kisv\u00e1llalkoz\u00e1soknak term\u00e9keinek, tev\u00e9kenys\u00e9geik bemutat\u00e1s\u00e1ra<\/span><br \/>\n<span style=\"font-size: 12pt;\">&#8211; akiknek fontos, hogy els\u0151 webes megjelen\u00e9s\u00fck tetszet\u0151s \u00e9s k\u00f6z\u00e9rthet\u0151 legyen<\/span><br \/>\n<span style=\"font-size: 12pt;\">&#8211; mag\u00e1nszem\u00e9lyeknek, mag\u00e1nc\u00e9l\u00fa felhaszn\u00e1l\u00e1sra<\/span><\/em><\/span><\/p>\n<hr \/>\n<h4><span style=\"font-family: tahoma, arial, helvetica, sans-serif; color: #800000;\"><strong>Statikus weboldal k\u00e9sz\u00edt\u00e9s<\/strong><\/span><\/h4>\n<p><img loading=\"lazy\" decoding=\"async\" class=\"size-medium wp-image-13 alignright\" style=\"font-family: tahoma, arial, helvetica, sans-serif;\" src=\"https:\/\/uniqnet.hu\/new\/wp-content\/uploads\/2024\/04\/domains-300x174.png\" alt=\"\" width=\"300\" height=\"174\" srcset=\"https:\/\/uniqnet.hu\/new\/wp-content\/uploads\/2024\/04\/domains-300x174.png 300w, https:\/\/uniqnet.hu\/new\/wp-content\/uploads\/2024\/04\/domains.png 640w\" sizes=\"auto, (max-width: 300px) 100vw, 300px\" \/><\/p>\n<p><span style=\"font-family: tahoma, arial, helvetica, sans-serif; color: #000000; font-size: 12pt;\">A statikus csomag ide\u00e1lis azon v\u00e1llalkoz\u00e1sok sz\u00e1m\u00e1ra, akik nagyobb terjedelm\u0171 term\u00e9k sk\u00e1l\u00e1val rendelkeznek (40-50-100 db term\u00e9kfot\u00f3) de nincs sz\u00fcks\u00e9g\u00fck adatb\u00e1zis haszn\u00e1lat\u00e1ra.<\/span><\/p>\n<p class=\"szoveg\" align=\"left\"><span style=\"font-family: tahoma, arial, helvetica, sans-serif;\"><em><br \/>\n<span style=\"color: #0000ff;\"><strong>Akinek aj\u00e1nljuk:<\/strong><\/span><br \/>\n<span style=\"color: #000000; font-size: 12pt;\">&#8211; akik szeretn\u00e9k term\u00e9keiket, szolg\u00e1ltat\u00e1saikat b\u0151vebb form\u00e1ban megismertetni potenci\u00e1lis v\u00e1s\u00e1rl\u00f3inak<\/span><br \/>\n<span style=\"color: #000000; font-size: 12pt;\">&#8211; kisv\u00e1llalkoz\u00e1soknak, akik viszonylag \u00e1lland\u00f3 term\u00e9ksk\u00e1l\u00e1val rendelkeznek<\/span><br \/>\n<span style=\"color: #000000; font-size: 12pt;\">&#8211; akik els\u0151 webes megjelen\u00e9s\u00fcket szakszer\u0171en szeretn\u00e9k elk\u00e9sz\u00edttetni<\/span><\/em><\/span><\/p>\n<hr \/>\n<h4><span style=\"font-family: tahoma, arial, helvetica, sans-serif; color: #800000;\"><strong>Dinamikus weboldal k\u00e9sz\u00edt\u00e9s<\/strong><\/span><\/h4>\n<p><img loading=\"lazy\" decoding=\"async\" class=\" wp-image-232 alignright\" style=\"color: #000000; font-family: tahoma, arial, helvetica, sans-serif;\" src=\"https:\/\/uniqnet.hu\/new\/wp-content\/uploads\/2024\/04\/www.jpg\" alt=\"\" width=\"210\" height=\"210\" srcset=\"https:\/\/uniqnet.hu\/new\/wp-content\/uploads\/2024\/04\/www.jpg 225w, https:\/\/uniqnet.hu\/new\/wp-content\/uploads\/2024\/04\/www-150x150.jpg 150w, https:\/\/uniqnet.hu\/new\/wp-content\/uploads\/2024\/04\/www-100x100.jpg 100w\" sizes=\"auto, (max-width: 210px) 100vw, 210px\" \/><\/p>\n<p><span style=\"font-family: tahoma, arial, helvetica, sans-serif; color: #000000; font-size: 12pt;\">A dinamikus csomag ide\u00e1lis azon v\u00e1llalkoz\u00e1sok sz\u00e1m\u00e1ra, akik online kapcsolatot\u00a0szeretn\u00e9nek tartani \u00fcgyfeleikkel, ill. nagy adatb\u00e1zist szeretn\u00e9nek k\u00f6nnyed\u00e9n \u00e9s hat\u00e9konyan \u00fczemeltetni.<\/span><\/p>\n<p align=\"left\"><span style=\"font-family: tahoma, arial, helvetica, sans-serif;\"><em class=\"szoveg\"><span style=\"color: #0000ff;\"><strong>Akinek aj\u00e1nljuk:<\/strong><\/span><br \/>\n<span style=\"color: #000000; font-size: 12pt;\">&#8211; akik szeretn\u00e9nek a weboldalukr\u00f3l bej\u00f6v\u0151inform\u00e1ci\u00f3k lek\u00e9rdez\u00e9se, t\u00e1rol\u00e1s\u00e1ra<\/span><br \/>\n<span style=\"color: #000000; font-size: 12pt;\">&#8211; akik k\u00f6zv\u00e9lem\u00e9nykutat\u00e1st, szavaz\u00e1st, f\u00f3rumot, h\u00edrlev\u00e9l-kezel\u0151t szeretn\u00e9nek oldalukra<\/span><br \/>\n<span style=\"color: #000000;\"><span style=\"font-size: 12pt;\">&#8211; akik folyamatosan friss\u00edteni szeretn\u00e9k oldalaikat, ak\u00e1r \u00f6n\u00e1ll\u00f3an i<\/span>s<\/span><\/em><\/span><\/p>\n","protected":false},"excerpt":{"rendered":"<p>WEBLAPK\u00c9SZ\u00cdT\u00c9S Az\u00e1ltal, hogy elk\u00e9sz\u00fcl weboldala, m\u00e9g nem garant\u00e1lt, hogy az interneten meg is tal\u00e1lj\u00e1k. Weboldal\u00e1t \u00fagy k\u00e9sz\u00edtj\u00fck el, hogy a fontos kulcsszavakat be\u00e1ll\u00edtjuk weboldal\u00e1ba. Keres\u0151kbe, linkgy\u0171jtem\u00e9nyekbe beregisztr\u00e1ljuk, hogy min\u00e9l t\u00f6bb l\u00e1togat\u00f3t szerezz\u00fcnk \u00d6nnek. Minden weboldal elk\u00e9sz\u00edt\u00e9se el\u0151tt felm\u00e9rj\u00fck ig\u00e9nyeit \u00e9s az elk\u00e9sz\u00edt\u00e9s k\u00f6lts\u00e9geit, ennek megfelel\u0151en dolgozzuk ki a r\u00e9szleteket. Bemutatkoz\u00f3 weboldal k\u00e9sz\u00edt\u00e9s &#8222;Bemutatkoz\u00f3 weboldal&#8221; kisv\u00e1llalkoz\u00e1sok [&hellip;]<\/p>\n","protected":false},"author":1,"featured_media":0,"parent":0,"menu_order":0,"comment_status":"closed","ping_status":"closed","template":"","meta":{"footnotes":""},"class_list":["post-97","page","type-page","status-publish","hentry"],"_links":{"self":[{"href":"https:\/\/uniqnet.hu\/new\/wp-json\/wp\/v2\/pages\/97","targetHints":{"allow":["GET"]}}],"collection":[{"href":"https:\/\/uniqnet.hu\/new\/wp-json\/wp\/v2\/pages"}],"about":[{"href":"https:\/\/uniqnet.hu\/new\/wp-json\/wp\/v2\/types\/page"}],"author":[{"embeddable":true,"href":"https:\/\/uniqnet.hu\/new\/wp-json\/wp\/v2\/users\/1"}],"replies":[{"embeddable":true,"href":"https:\/\/uniqnet.hu\/new\/wp-json\/wp\/v2\/comments?post=97"}],"version-history":[{"count":23,"href":"https:\/\/uniqnet.hu\/new\/wp-json\/wp\/v2\/pages\/97\/revisions"}],"predecessor-version":[{"id":294,"href":"https:\/\/uniqnet.hu\/new\/wp-json\/wp\/v2\/pages\/97\/revisions\/294"}],"wp:attachment":[{"href":"https:\/\/uniqnet.hu\/new\/wp-json\/wp\/v2\/media?parent=97"}],"curies":[{"name":"wp","href":"https:\/\/api.w.org\/{rel}","templated":true}]}}