{"id":147,"date":"2024-04-12T11:32:47","date_gmt":"2024-04-12T11:32:47","guid":{"rendered":"https:\/\/uniqnet.hu\/new\/?page_id=147"},"modified":"2024-04-12T13:39:24","modified_gmt":"2024-04-12T13:39:24","slug":"felnottoktatas","status":"publish","type":"page","link":"https:\/\/uniqnet.hu\/new\/felnottoktatas\/","title":{"rendered":"Feln\u0151ttoktat\u00e1s"},"content":{"rendered":"<h1><span style=\"color: #800000;\"><em><strong>FELN\u0150TTOKTAT\u00c1S<\/strong><\/em><\/span><\/h1>\n<p><span style=\"font-family: tahoma, arial, helvetica, sans-serif; font-size: 14pt; color: #000000;\">Magas sz\u00ednvonalon, egyetemi v\u00e9gzetts\u00e9g\u0171 informatika szakos tan\u00e1rok k\u00f6zrem\u0171k\u00f6d\u00e9s\u00e9vel v\u00e1llaljuk tanfolyamok lebonyol\u00edt\u00e1s\u00e1t k\u00fcl\u00f6nb\u00f6z\u0151 informatikai t\u00e9mak\u00f6r\u00f6kben.<\/span><\/p>\n<p><span style=\"font-family: tahoma, arial, helvetica, sans-serif; font-size: 14pt; color: #000000;\">A sz\u00e1m\u00edt\u00f3g\u00e9pes oktat\u00f3termet biztos\u00edtjuk.<\/span><\/p>\n","protected":false},"excerpt":{"rendered":"<p>FELN\u0150TTOKTAT\u00c1S Magas sz\u00ednvonalon, egyetemi v\u00e9gzetts\u00e9g\u0171 informatika szakos tan\u00e1rok k\u00f6zrem\u0171k\u00f6d\u00e9s\u00e9vel v\u00e1llaljuk tanfolyamok lebonyol\u00edt\u00e1s\u00e1t k\u00fcl\u00f6nb\u00f6z\u0151 informatikai t\u00e9mak\u00f6r\u00f6kben. A sz\u00e1m\u00edt\u00f3g\u00e9pes oktat\u00f3termet biztos\u00edtjuk.<\/p>\n","protected":false},"author":1,"featured_media":0,"parent":0,"menu_order":0,"comment_status":"closed","ping_status":"closed","template":"","meta":{"footnotes":""},"class_list":["post-147","page","type-page","status-publish","hentry"],"_links":{"self":[{"href":"https:\/\/uniqnet.hu\/new\/wp-json\/wp\/v2\/pages\/147","targetHints":{"allow":["GET"]}}],"collection":[{"href":"https:\/\/uniqnet.hu\/new\/wp-json\/wp\/v2\/pages"}],"about":[{"href":"https:\/\/uniqnet.hu\/new\/wp-json\/wp\/v2\/types\/page"}],"author":[{"embeddable":true,"href":"https:\/\/uniqnet.hu\/new\/wp-json\/wp\/v2\/users\/1"}],"replies":[{"embeddable":true,"href":"https:\/\/uniqnet.hu\/new\/wp-json\/wp\/v2\/comments?post=147"}],"version-history":[{"count":4,"href":"https:\/\/uniqnet.hu\/new\/wp-json\/wp\/v2\/pages\/147\/revisions"}],"predecessor-version":[{"id":211,"href":"https:\/\/uniqnet.hu\/new\/wp-json\/wp\/v2\/pages\/147\/revisions\/211"}],"wp:attachment":[{"href":"https:\/\/uniqnet.hu\/new\/wp-json\/wp\/v2\/media?parent=147"}],"curies":[{"name":"wp","href":"https:\/\/api.w.org\/{rel}","templated":true}]}}